{"id":5515,"date":"2025-06-15T16:01:40","date_gmt":"2025-06-15T16:01:40","guid":{"rendered":"https:\/\/amadocattaneo.com.ar\/site\/?page_id=5515"},"modified":"2025-06-15T16:14:54","modified_gmt":"2025-06-15T16:14:54","slug":"casalacarolina2","status":"publish","type":"page","link":"https:\/\/amadocattaneo.com.ar\/site\/casalacarolina2\/","title":{"rendered":"LA CAROLINA II"},"content":{"rendered":"<p>[et_pb_section fb_built=\u00bb1&#8243; disabled_on=\u00bbon|on|off\u00bb _builder_version=\u00bb4.24.2&#8243; _module_preset=\u00bbdefault\u00bb background_color=\u00bb#FFFFFF\u00bb background_enable_image=\u00bboff\u00bb locked=\u00bboff\u00bb global_colors_info=\u00bb{}\u00bb][et_pb_row column_structure=\u00bb1_4,3_4&#8243; use_custom_gutter=\u00bbon\u00bb gutter_width=\u00bb2&#8243; make_equal=\u00bbon\u00bb _builder_version=\u00bb4.27.4&#8243; _module_preset=\u00bbdefault\u00bb positioning=\u00bbnone\u00bb position_origin_a=\u00bbcenter_left\u00bb position_origin_f=\u00bbcenter_left\u00bb width=\u00bb95%\u00bb max_width=\u00bbnone\u00bb height=\u00bb84vh\u00bb custom_margin=\u00bb||||false|false\u00bb global_colors_info=\u00bb{}\u00bb][et_pb_column type=\u00bb1_4&#8243; _builder_version=\u00bb4.24.1&#8243; _module_preset=\u00bbdefault\u00bb global_colors_info=\u00bb{}\u00bb][et_pb_text _builder_version=\u00bb4.27.4&#8243; _module_preset=\u00bbdefault\u00bb text_font=\u00bbArboria Thin|500|||||||\u00bb text_text_color=\u00bb#000000&#8243; link_text_color=\u00bb#000000&#8243; header_font=\u00bbArboria Light||||||||\u00bb header_text_color=\u00bb#000000&#8243; header_font_size=\u00bb40px\u00bb width=\u00bb100%\u00bb max_height=\u00bb100%\u00bb custom_margin=\u00bb||||false|false\u00bb custom_padding=\u00bb||||false|false\u00bb hover_enabled=\u00bb0&#8243; custom_css_free_form=\u00bb.selector {overflow-y: auto;}||::-webkit-scrollbar {||width: 5px;||}||::-webkit-scrollbar-track {||background: #ffffff;||border-radius: 4px;||}||::-webkit-scrollbar-thumb {||background: #eeeeee;||border-radius: 4px;||}\u00bb global_colors_info=\u00bb{}\u00bb content__hover_enabled=\u00bboff|desktop\u00bb content__hover=\u00bb<\/p>\n<h1><span style=%22color: #000000;%22><\/span><\/h1>\n<h1><span style=%22color: #000000;%22><\/span><\/h1>\n<\/p>\n<p>\u00bb sticky_enabled=\u00bb0&#8243;]<\/p>\n<h1><span style=\"color: #000000;\"><\/span><\/h1>\n<h1><span style=\"color: #000000;\">LA CAROLINA II<\/span><\/h1>\n<p><span style=\"color: #000000;\"><\/span><\/p>\n<p><strong>\u00a0<\/strong><\/p>\n<h3><strong>INFORMACI\u00d3N<\/strong><\/h3>\n<p>Punta del Este, Uruguay<\/p>\n<p>Superficie Total: 500m2<\/p>\n<p>A\u00f1o Proyecto: 2024<\/p>\n<p><strong>\u00a0<\/strong><\/p>\n<h3><strong>MEMORIA DESCRIPTIVA<\/strong><\/h3>\n<p>Dise\u00f1ada para integrarse armoniosamente con el entorno natural, esta casa de playa de dos plantas prioriza las vistas panor\u00e1micas y la ventilaci\u00f3n cruzada. La planta de la casa es alargada, lo que permite una distribuci\u00f3n lineal y funcional de los espacios interiores, optimizando la entrada de luz natural y la conexi\u00f3n visual con el exterior.<\/p>\n<p>El acceso principal se realiza por uno de los laterales, a trav\u00e9s de una galer\u00eda semicubierta que funciona como un espacio de transici\u00f3n entre el exterior y el interior, protegiendo la entrada. Esta galer\u00eda adem\u00e1s organiza la circulaci\u00f3n hacia las distintas \u00e1reas de la planta baja.<\/p>\n<p>La arquitectura de la vivienda combina materiales nobles y naturales, con un dise\u00f1o sobrio y funcional que busca crear un ambiente de serenidad y confort, ideal para el descanso en un contexto de playa.<\/p>\n<p>[\/et_pb_text][\/et_pb_column][et_pb_column type=\u00bb3_4&#8243; _builder_version=\u00bb4.24.0&#8243; _module_preset=\u00bbdefault\u00bb global_colors_info=\u00bb{}\u00bb][et_pb_gallery gallery_ids=\u00bb5514,5507,5508,5509,5510,5511,5512,5513&#8243; fullwidth=\u00bbon\u00bb _builder_version=\u00bb4.27.4&#8243; _module_preset=\u00bbdefault\u00bb transform_translate=\u00bb0px|15px\u00bb transform_translate_linked=\u00bboff\u00bb global_colors_info=\u00bb{}\u00bb][\/et_pb_gallery][\/et_pb_column][\/et_pb_row][et_pb_row use_custom_gutter=\u00bbon\u00bb gutter_width=\u00bb2&#8243; _builder_version=\u00bb4.24.2&#8243; _module_preset=\u00bbdefault\u00bb positioning=\u00bbnone\u00bb position_origin_a=\u00bbcenter_left\u00bb position_origin_f=\u00bbcenter_left\u00bb width=\u00bb95%\u00bb max_width=\u00bbnone\u00bb custom_margin=\u00bb||||false|false\u00bb global_colors_info=\u00bb{}\u00bb][et_pb_column type=\u00bb4_4&#8243; _builder_version=\u00bb4.24.1&#8243; _module_preset=\u00bbdefault\u00bb global_colors_info=\u00bb{}\u00bb][et_pb_image src=\u00bbhttps:\/\/amadocattaneo.com.ar\/site\/wp-content\/uploads\/2025\/06\/gal1lacarolina2.jpg\u00bb alt=\u00bbLa Carolina II\u00bb align=\u00bbright\u00bb _builder_version=\u00bb4.27.4&#8243; _module_preset=\u00bbdefault\u00bb position_origin_f=\u00bbcenter_center\u00bb position_origin_r=\u00bbtop_right\u00bb custom_margin=\u00bb25px||||false|false\u00bb global_colors_info=\u00bb{}\u00bb][\/et_pb_image][et_pb_image src=\u00bbhttps:\/\/amadocattaneo.com.ar\/site\/wp-content\/uploads\/2025\/06\/gal2lacarolina2.jpg\u00bb alt=\u00bbLa Carolina II\u00bb _builder_version=\u00bb4.27.4&#8243; _module_preset=\u00bbdefault\u00bb custom_margin=\u00bb25px||||false|false\u00bb global_colors_info=\u00bb{}\u00bb][\/et_pb_image][et_pb_image src=\u00bbhttps:\/\/amadocattaneo.com.ar\/site\/wp-content\/uploads\/2025\/06\/gal3lacarolina2.jpg\u00bb alt=\u00bbLa Carolina II\u00bb _builder_version=\u00bb4.27.4&#8243; _module_preset=\u00bbdefault\u00bb custom_margin=\u00bb25px||||false|false\u00bb global_colors_info=\u00bb{}\u00bb][\/et_pb_image][et_pb_image src=\u00bbhttps:\/\/amadocattaneo.com.ar\/site\/wp-content\/uploads\/2025\/06\/gal4lacarolina2.jpg\u00bb alt=\u00bbLa Carolina II\u00bb _builder_version=\u00bb4.27.4&#8243; _module_preset=\u00bbdefault\u00bb custom_margin=\u00bb25px||||false|false\u00bb global_colors_info=\u00bb{}\u00bb][\/et_pb_image][et_pb_image src=\u00bbhttps:\/\/amadocattaneo.com.ar\/site\/wp-content\/uploads\/2025\/06\/gal5lacarolina2.jpg\u00bb alt=\u00bbLa Carolina II\u00bb _builder_version=\u00bb4.27.4&#8243; _module_preset=\u00bbdefault\u00bb custom_margin=\u00bb25px||||false|false\u00bb global_colors_info=\u00bb{}\u00bb][\/et_pb_image][et_pb_image src=\u00bbhttps:\/\/amadocattaneo.com.ar\/site\/wp-content\/uploads\/2025\/06\/gal6lacarolina2.jpg\u00bb alt=\u00bbLa Carolina II\u00bb _builder_version=\u00bb4.27.4&#8243; _module_preset=\u00bbdefault\u00bb custom_margin=\u00bb25px||||false|false\u00bb global_colors_info=\u00bb{}\u00bb][\/et_pb_image][et_pb_image src=\u00bbhttps:\/\/amadocattaneo.com.ar\/site\/wp-content\/uploads\/2025\/06\/gal7lacarolina2.jpg\u00bb alt=\u00bbLa Carolina II\u00bb _builder_version=\u00bb4.27.4&#8243; _module_preset=\u00bbdefault\u00bb custom_margin=\u00bb25px||||false|false\u00bb global_colors_info=\u00bb{}\u00bb][\/et_pb_image][\/et_pb_column][\/et_pb_row][\/et_pb_section]<\/p>\n","protected":false},"excerpt":{"rendered":"<p>LA CAROLINA II \u00a0 INFORMACI\u00d3N Punta del Este, Uruguay Superficie Total: 500m2 A\u00f1o Proyecto: 2024 \u00a0 MEMORIA DESCRIPTIVA Dise\u00f1ada para integrarse armoniosamente con el entorno natural, esta casa de playa de dos plantas prioriza las vistas panor\u00e1micas y la ventilaci\u00f3n cruzada. La planta de la casa es alargada, lo que permite una distribuci\u00f3n lineal y [&hellip;]<\/p>\n","protected":false},"author":1,"featured_media":0,"parent":0,"menu_order":0,"comment_status":"closed","ping_status":"closed","template":"","meta":{"_et_pb_use_builder":"on","_et_pb_old_content":"","_et_gb_content_width":"","footnotes":""},"class_list":["post-5515","page","type-page","status-publish","hentry"],"_links":{"self":[{"href":"https:\/\/amadocattaneo.com.ar\/site\/wp-json\/wp\/v2\/pages\/5515","targetHints":{"allow":["GET"]}}],"collection":[{"href":"https:\/\/amadocattaneo.com.ar\/site\/wp-json\/wp\/v2\/pages"}],"about":[{"href":"https:\/\/amadocattaneo.com.ar\/site\/wp-json\/wp\/v2\/types\/page"}],"author":[{"embeddable":true,"href":"https:\/\/amadocattaneo.com.ar\/site\/wp-json\/wp\/v2\/users\/1"}],"replies":[{"embeddable":true,"href":"https:\/\/amadocattaneo.com.ar\/site\/wp-json\/wp\/v2\/comments?post=5515"}],"version-history":[{"count":6,"href":"https:\/\/amadocattaneo.com.ar\/site\/wp-json\/wp\/v2\/pages\/5515\/revisions"}],"predecessor-version":[{"id":5533,"href":"https:\/\/amadocattaneo.com.ar\/site\/wp-json\/wp\/v2\/pages\/5515\/revisions\/5533"}],"wp:attachment":[{"href":"https:\/\/amadocattaneo.com.ar\/site\/wp-json\/wp\/v2\/media?parent=5515"}],"curies":[{"name":"wp","href":"https:\/\/api.w.org\/{rel}","templated":true}]}}

<p>[et_pb_section fb_built=»1&#8243; disabled_on=»on|on|off» _builder_version=»4.24.2&#8243; _module_preset=»default» background_color=»#FFFFFF» background_enable_image=»off» locked=»off» global_colors_info=»{}»][et_pb_row column_structure=»1_4,3_4&#8243; use_custom_gutter=»on» gutter_width=»2&#8243; make_equal=»on» _builder_version=»4.27.4&#8243; _module_preset=»default» positioning=»none» position_origin_a=»center_left» position_origin_f=»center_left» width=»95%» max_width=»none» height=»84vh» custom_margin=»||||false|false» global_colors_info=»{}»][et_pb_column type=»1_4&#8243; _builder_version=»4.24.1&#8243; _module_preset=»default» global_colors_info=»{}»][et_pb_text _builder_version=»4.27.4&#8243; _module_preset=»default» text_font=»Arboria Thin|500|||||||» text_text_color=»#000000&#8243; link_text_color=»#000000&#8243; header_font=»Arboria Light||||||||» header_text_color=»#000000&#8243; header_font_size=»40px» width=»100%» max_height=»100%» custom_margin=»||||false|false» custom_padding=»||||false|false» hover_enabled=»0&#8243; custom_css_free_form=».selector {overflow-y: auto;}||::-webkit-scrollbar {||width: 5px;||}||::-webkit-scrollbar-track {||background: #ffffff;||border-radius: 4px;||}||::-webkit-scrollbar-thumb {||background: #eeeeee;||border-radius: 4px;||}» global_colors_info=»{}» content__hover_enabled=»off|desktop» content__hover=»</p>
<h1><span style=%22color: #000000;%22></span></h1>
<h1><span style=%22color: #000000;%22></span></h1>
</p>
<p>» sticky_enabled=»0&#8243;]</p>
<h1><span style="color: #000000;"></span></h1>
<h1><span style="color: #000000;">LA CAROLINA II</span></h1>
<p><span style="color: #000000;"></span></p>
<p><strong> </strong></p>
<h3><strong>INFORMACIÓN</strong></h3>
<p>Punta del Este, Uruguay</p>
<p>Superficie Total: 500m2</p>
<p>Año Proyecto: 2024</p>
<p><strong> </strong></p>
<h3><strong>MEMORIA DESCRIPTIVA</strong></h3>
<p>Diseñada para integrarse armoniosamente con el entorno natural, esta casa de playa de dos plantas prioriza las vistas panorámicas y la ventilación cruzada. La planta de la casa es alargada, lo que permite una distribución lineal y funcional de los espacios interiores, optimizando la entrada de luz natural y la conexión visual con el exterior.</p>
<p>El acceso principal se realiza por uno de los laterales, a través de una galería semicubierta que funciona como un espacio de transición entre el exterior y el interior, protegiendo la entrada. Esta galería además organiza la circulación hacia las distintas áreas de la planta baja.</p>
<p>La arquitectura de la vivienda combina materiales nobles y naturales, con un diseño sobrio y funcional que busca crear un ambiente de serenidad y confort, ideal para el descanso en un contexto de playa.</p>
<p>[/et_pb_text][/et_pb_column][et_pb_column type=»3_4&#8243; _builder_version=»4.24.0&#8243; _module_preset=»default» global_colors_info=»{}»][et_pb_gallery gallery_ids=»5514,5507,5508,5509,5510,5511,5512,5513&#8243; fullwidth=»on» _builder_version=»4.27.4&#8243; _module_preset=»default» transform_translate=»0px|15px» transform_translate_linked=»off» global_colors_info=»{}»][/et_pb_gallery][/et_pb_column][/et_pb_row][et_pb_row use_custom_gutter=»on» gutter_width=»2&#8243; _builder_version=»4.24.2&#8243; _module_preset=»default» positioning=»none» position_origin_a=»center_left» position_origin_f=»center_left» width=»95%» max_width=»none» custom_margin=»||||false|false» global_colors_info=»{}»][et_pb_column type=»4_4&#8243; _builder_version=»4.24.1&#8243; _module_preset=»default» global_colors_info=»{}»][et_pb_image src=»https://amadocattaneo.com.ar/site/wp-content/uploads/2025/06/gal1lacarolina2.jpg» alt=»La Carolina II» align=»right» _builder_version=»4.27.4&#8243; _module_preset=»default» position_origin_f=»center_center» position_origin_r=»top_right» custom_margin=»25px||||false|false» global_colors_info=»{}»][/et_pb_image][et_pb_image src=»https://amadocattaneo.com.ar/site/wp-content/uploads/2025/06/gal2lacarolina2.jpg» alt=»La Carolina II» _builder_version=»4.27.4&#8243; _module_preset=»default» custom_margin=»25px||||false|false» global_colors_info=»{}»][/et_pb_image][et_pb_image src=»https://amadocattaneo.com.ar/site/wp-content/uploads/2025/06/gal3lacarolina2.jpg» alt=»La Carolina II» _builder_version=»4.27.4&#8243; _module_preset=»default» custom_margin=»25px||||false|false» global_colors_info=»{}»][/et_pb_image][et_pb_image src=»https://amadocattaneo.com.ar/site/wp-content/uploads/2025/06/gal4lacarolina2.jpg» alt=»La Carolina II» _builder_version=»4.27.4&#8243; _module_preset=»default» custom_margin=»25px||||false|false» global_colors_info=»{}»][/et_pb_image][et_pb_image src=»https://amadocattaneo.com.ar/site/wp-content/uploads/2025/06/gal5lacarolina2.jpg» alt=»La Carolina II» _builder_version=»4.27.4&#8243; _module_preset=»default» custom_margin=»25px||||false|false» global_colors_info=»{}»][/et_pb_image][et_pb_image src=»https://amadocattaneo.com.ar/site/wp-content/uploads/2025/06/gal6lacarolina2.jpg» alt=»La Carolina II» _builder_version=»4.27.4&#8243; _module_preset=»default» custom_margin=»25px||||false|false» global_colors_info=»{}»][/et_pb_image][et_pb_image src=»https://amadocattaneo.com.ar/site/wp-content/uploads/2025/06/gal7lacarolina2.jpg» alt=»La Carolina II» _builder_version=»4.27.4&#8243; _module_preset=»default» custom_margin=»25px||||false|false» global_colors_info=»{}»][/et_pb_image][/et_pb_column][/et_pb_row][/et_pb_section]</p>

<p>LA CAROLINA II   INFORMACIÓN Punta del Este, Uruguay Superficie Total: 500m2 Año Proyecto: 2024   MEMORIA DESCRIPTIVA Diseñada para integrarse armoniosamente con el entorno natural, esta casa de playa de dos plantas prioriza las vistas panorámicas y la ventilación cruzada. La planta de la casa es alargada, lo que permite una distribución lineal y [&hellip;]</p>
