{"id":5476,"date":"2025-06-15T15:26:41","date_gmt":"2025-06-15T15:26:41","guid":{"rendered":"https:\/\/amadocattaneo.com.ar\/site\/?page_id=5476"},"modified":"2025-06-15T15:32:23","modified_gmt":"2025-06-15T15:32:23","slug":"casalacarolina1","status":"publish","type":"page","link":"https:\/\/amadocattaneo.com.ar\/site\/casalacarolina1\/","title":{"rendered":"LA CAROLINA I"},"content":{"rendered":"<p>[et_pb_section fb_built=\u00bb1&#8243; disabled_on=\u00bbon|on|off\u00bb _builder_version=\u00bb4.24.2&#8243; _module_preset=\u00bbdefault\u00bb background_color=\u00bb#FFFFFF\u00bb background_enable_image=\u00bboff\u00bb locked=\u00bboff\u00bb global_colors_info=\u00bb{}\u00bb theme_builder_area=\u00bbpost_content\u00bb][et_pb_row column_structure=\u00bb1_4,3_4&#8243; use_custom_gutter=\u00bbon\u00bb gutter_width=\u00bb2&#8243; make_equal=\u00bbon\u00bb _builder_version=\u00bb4.27.4&#8243; _module_preset=\u00bbdefault\u00bb positioning=\u00bbnone\u00bb position_origin_a=\u00bbcenter_left\u00bb position_origin_f=\u00bbcenter_left\u00bb width=\u00bb95%\u00bb max_width=\u00bbnone\u00bb height=\u00bb84vh\u00bb custom_margin=\u00bb||||false|false\u00bb global_colors_info=\u00bb{}\u00bb theme_builder_area=\u00bbpost_content\u00bb][et_pb_column type=\u00bb1_4&#8243; _builder_version=\u00bb4.24.1&#8243; _module_preset=\u00bbdefault\u00bb global_colors_info=\u00bb{}\u00bb theme_builder_area=\u00bbpost_content\u00bb][et_pb_text _builder_version=\u00bb4.27.4&#8243; _module_preset=\u00bbdefault\u00bb text_font=\u00bbArboria Thin|500|||||||\u00bb text_text_color=\u00bb#000000&#8243; link_text_color=\u00bb#000000&#8243; header_font=\u00bbArboria Light||||||||\u00bb header_text_color=\u00bb#000000&#8243; header_font_size=\u00bb40px\u00bb width=\u00bb100%\u00bb max_height=\u00bb100%\u00bb custom_margin=\u00bb||||false|false\u00bb custom_padding=\u00bb||||false|false\u00bb hover_enabled=\u00bb0&#8243; custom_css_free_form=\u00bb.selector {overflow-y: auto;}||::-webkit-scrollbar {||width: 5px;||}||::-webkit-scrollbar-track {||background: #ffffff;||border-radius: 4px;||}||::-webkit-scrollbar-thumb {||background: #eeeeee;||border-radius: 4px;||}\u00bb global_colors_info=\u00bb{}\u00bb content__hover_enabled=\u00bboff|desktop\u00bb content__hover=\u00bb<\/p>\n<h1><span style=%22color: #000000;%22><\/span><\/h1>\n<h1><span style=%22color: #000000;%22><\/span><\/h1>\n<\/p>\n<p>\u00bb theme_builder_area=\u00bbpost_content\u00bb sticky_enabled=\u00bb0&#8243;]<\/p>\n<h1><span style=\"color: #000000;\"><\/span><\/h1>\n<h1><span style=\"color: #000000;\">LA CAROLINA I<\/span><\/h1>\n<p><span style=\"color: #000000;\"><\/span><\/p>\n<p><strong>\u00a0<\/strong><\/p>\n<h3><strong>INFORMACI\u00d3N<\/strong><\/h3>\n<p>Punta del Este, Uruguay<\/p>\n<p>Superficie Total: 520m2<\/p>\n<p>A\u00f1o Proyecto: 2024<\/p>\n<p><strong>\u00a0<\/strong><\/p>\n<h3><strong>MEMORIA DESCRIPTIVA<\/strong><\/h3>\n<p>El lenguaje arquitect\u00f3nico sobrio y preciso caracteriza a esta vivienda de playa, donde el hormig\u00f3n visto y la madera se combinan con una estructura de l\u00edneas puras y techos planos. La composici\u00f3n volum\u00e9trica articula los distintos espacios de forma clara, destac\u00e1ndose una galer\u00eda que funciona como ingreso principal y organiza el recorrido hacia las diferentes \u00e1reas de la casa. El sol\u00e1rium se ubica en uno de los laterales, generando una relaci\u00f3n directa con el entorno natural y ofreciendo un espacio de relajaci\u00f3n al aire libre.<\/p>\n<p>La planta alta se concibe como un \u00e1mbito m\u00e1s introspectivo y privado. Este nivel est\u00e1 orientado para aprovechar las vistas y la luz natural, y cuenta con acceso a una terraza que refuerza la propuesta arquitect\u00f3nica. La vivienda transmite una sensaci\u00f3n de orden y serenidad, producto de una concepci\u00f3n clara y coherente del proyecto.<\/p>\n<p>[\/et_pb_text][\/et_pb_column][et_pb_column type=\u00bb3_4&#8243; _builder_version=\u00bb4.24.0&#8243; _module_preset=\u00bbdefault\u00bb global_colors_info=\u00bb{}\u00bb theme_builder_area=\u00bbpost_content\u00bb][et_pb_gallery gallery_ids=\u00bb5484,5480,5481,5482,5483&#8243; fullwidth=\u00bbon\u00bb _builder_version=\u00bb4.27.4&#8243; _module_preset=\u00bbdefault\u00bb transform_translate=\u00bb0px|15px\u00bb transform_translate_linked=\u00bboff\u00bb hover_enabled=\u00bb0&#8243; global_colors_info=\u00bb{}\u00bb theme_builder_area=\u00bbpost_content\u00bb sticky_enabled=\u00bb0&#8243;][\/et_pb_gallery][\/et_pb_column][\/et_pb_row][et_pb_row use_custom_gutter=\u00bbon\u00bb gutter_width=\u00bb2&#8243; _builder_version=\u00bb4.24.2&#8243; _module_preset=\u00bbdefault\u00bb positioning=\u00bbnone\u00bb position_origin_a=\u00bbcenter_left\u00bb position_origin_f=\u00bbcenter_left\u00bb width=\u00bb95%\u00bb max_width=\u00bbnone\u00bb custom_margin=\u00bb||||false|false\u00bb global_colors_info=\u00bb{}\u00bb theme_builder_area=\u00bbpost_content\u00bb][et_pb_column type=\u00bb4_4&#8243; _builder_version=\u00bb4.24.1&#8243; _module_preset=\u00bbdefault\u00bb global_colors_info=\u00bb{}\u00bb theme_builder_area=\u00bbpost_content\u00bb][et_pb_image src=\u00bbhttps:\/\/amadocattaneo.com.ar\/site\/wp-content\/uploads\/2025\/06\/gal1lacarolina1.jpg\u00bb alt=\u00bbLa Carolina I\u00bb align=\u00bbright\u00bb _builder_version=\u00bb4.27.4&#8243; _module_preset=\u00bbdefault\u00bb position_origin_f=\u00bbcenter_center\u00bb position_origin_r=\u00bbtop_right\u00bb custom_margin=\u00bb25px||||false|false\u00bb hover_enabled=\u00bb0&#8243; global_colors_info=\u00bb{}\u00bb theme_builder_area=\u00bbpost_content\u00bb sticky_enabled=\u00bb0&#8243;][\/et_pb_image][et_pb_image src=\u00bbhttps:\/\/amadocattaneo.com.ar\/site\/wp-content\/uploads\/2025\/06\/gal2lacarolina1.jpg\u00bb alt=\u00bbLa Carolina I\u00bb _builder_version=\u00bb4.27.4&#8243; _module_preset=\u00bbdefault\u00bb custom_margin=\u00bb25px||||false|false\u00bb hover_enabled=\u00bb0&#8243; global_colors_info=\u00bb{}\u00bb theme_builder_area=\u00bbpost_content\u00bb sticky_enabled=\u00bb0&#8243;][\/et_pb_image][et_pb_image src=\u00bbhttps:\/\/amadocattaneo.com.ar\/site\/wp-content\/uploads\/2025\/06\/gal3lacarolina1.jpg\u00bb alt=\u00bbLa Carolina I\u00bb _builder_version=\u00bb4.27.4&#8243; _module_preset=\u00bbdefault\u00bb custom_margin=\u00bb25px||||false|false\u00bb hover_enabled=\u00bb0&#8243; global_colors_info=\u00bb{}\u00bb theme_builder_area=\u00bbpost_content\u00bb sticky_enabled=\u00bb0&#8243;][\/et_pb_image][et_pb_image src=\u00bbhttps:\/\/amadocattaneo.com.ar\/site\/wp-content\/uploads\/2025\/06\/gal4lacarolina1.jpg\u00bb alt=\u00bbLa Carolina I\u00bb _builder_version=\u00bb4.27.4&#8243; _module_preset=\u00bbdefault\u00bb custom_margin=\u00bb25px||||false|false\u00bb hover_enabled=\u00bb0&#8243; global_colors_info=\u00bb{}\u00bb theme_builder_area=\u00bbpost_content\u00bb sticky_enabled=\u00bb0&#8243;][\/et_pb_image][\/et_pb_column][\/et_pb_row][\/et_pb_section]<\/p>\n","protected":false},"excerpt":{"rendered":"<p>LA CAROLINA I \u00a0 INFORMACI\u00d3N Punta del Este, Uruguay Superficie Total: 520m2 A\u00f1o Proyecto: 2024 \u00a0 MEMORIA DESCRIPTIVA El lenguaje arquitect\u00f3nico sobrio y preciso caracteriza a esta vivienda de playa, donde el hormig\u00f3n visto y la madera se combinan con una estructura de l\u00edneas puras y techos planos. La composici\u00f3n volum\u00e9trica articula los distintos espacios [&hellip;]<\/p>\n","protected":false},"author":1,"featured_media":0,"parent":0,"menu_order":0,"comment_status":"closed","ping_status":"closed","template":"","meta":{"_et_pb_use_builder":"on","_et_pb_old_content":"","_et_gb_content_width":"","footnotes":""},"class_list":["post-5476","page","type-page","status-publish","hentry"],"_links":{"self":[{"href":"https:\/\/amadocattaneo.com.ar\/site\/wp-json\/wp\/v2\/pages\/5476","targetHints":{"allow":["GET"]}}],"collection":[{"href":"https:\/\/amadocattaneo.com.ar\/site\/wp-json\/wp\/v2\/pages"}],"about":[{"href":"https:\/\/amadocattaneo.com.ar\/site\/wp-json\/wp\/v2\/types\/page"}],"author":[{"embeddable":true,"href":"https:\/\/amadocattaneo.com.ar\/site\/wp-json\/wp\/v2\/users\/1"}],"replies":[{"embeddable":true,"href":"https:\/\/amadocattaneo.com.ar\/site\/wp-json\/wp\/v2\/comments?post=5476"}],"version-history":[{"count":7,"href":"https:\/\/amadocattaneo.com.ar\/site\/wp-json\/wp\/v2\/pages\/5476\/revisions"}],"predecessor-version":[{"id":5489,"href":"https:\/\/amadocattaneo.com.ar\/site\/wp-json\/wp\/v2\/pages\/5476\/revisions\/5489"}],"wp:attachment":[{"href":"https:\/\/amadocattaneo.com.ar\/site\/wp-json\/wp\/v2\/media?parent=5476"}],"curies":[{"name":"wp","href":"https:\/\/api.w.org\/{rel}","templated":true}]}}

<p>[et_pb_section fb_built=»1&#8243; disabled_on=»on|on|off» _builder_version=»4.24.2&#8243; _module_preset=»default» background_color=»#FFFFFF» background_enable_image=»off» locked=»off» global_colors_info=»{}» theme_builder_area=»post_content»][et_pb_row column_structure=»1_4,3_4&#8243; use_custom_gutter=»on» gutter_width=»2&#8243; make_equal=»on» _builder_version=»4.27.4&#8243; _module_preset=»default» positioning=»none» position_origin_a=»center_left» position_origin_f=»center_left» width=»95%» max_width=»none» height=»84vh» custom_margin=»||||false|false» global_colors_info=»{}» theme_builder_area=»post_content»][et_pb_column type=»1_4&#8243; _builder_version=»4.24.1&#8243; _module_preset=»default» global_colors_info=»{}» theme_builder_area=»post_content»][et_pb_text _builder_version=»4.27.4&#8243; _module_preset=»default» text_font=»Arboria Thin|500|||||||» text_text_color=»#000000&#8243; link_text_color=»#000000&#8243; header_font=»Arboria Light||||||||» header_text_color=»#000000&#8243; header_font_size=»40px» width=»100%» max_height=»100%» custom_margin=»||||false|false» custom_padding=»||||false|false» hover_enabled=»0&#8243; custom_css_free_form=».selector {overflow-y: auto;}||::-webkit-scrollbar {||width: 5px;||}||::-webkit-scrollbar-track {||background: #ffffff;||border-radius: 4px;||}||::-webkit-scrollbar-thumb {||background: #eeeeee;||border-radius: 4px;||}» global_colors_info=»{}» content__hover_enabled=»off|desktop» content__hover=»</p>
<h1><span style=%22color: #000000;%22></span></h1>
<h1><span style=%22color: #000000;%22></span></h1>
</p>
<p>» theme_builder_area=»post_content» sticky_enabled=»0&#8243;]</p>
<h1><span style="color: #000000;"></span></h1>
<h1><span style="color: #000000;">LA CAROLINA I</span></h1>
<p><span style="color: #000000;"></span></p>
<p><strong> </strong></p>
<h3><strong>INFORMACIÓN</strong></h3>
<p>Punta del Este, Uruguay</p>
<p>Superficie Total: 520m2</p>
<p>Año Proyecto: 2024</p>
<p><strong> </strong></p>
<h3><strong>MEMORIA DESCRIPTIVA</strong></h3>
<p>El lenguaje arquitectónico sobrio y preciso caracteriza a esta vivienda de playa, donde el hormigón visto y la madera se combinan con una estructura de líneas puras y techos planos. La composición volumétrica articula los distintos espacios de forma clara, destacándose una galería que funciona como ingreso principal y organiza el recorrido hacia las diferentes áreas de la casa. El solárium se ubica en uno de los laterales, generando una relación directa con el entorno natural y ofreciendo un espacio de relajación al aire libre.</p>
<p>La planta alta se concibe como un ámbito más introspectivo y privado. Este nivel está orientado para aprovechar las vistas y la luz natural, y cuenta con acceso a una terraza que refuerza la propuesta arquitectónica. La vivienda transmite una sensación de orden y serenidad, producto de una concepción clara y coherente del proyecto.</p>
<p>[/et_pb_text][/et_pb_column][et_pb_column type=»3_4&#8243; _builder_version=»4.24.0&#8243; _module_preset=»default» global_colors_info=»{}» theme_builder_area=»post_content»][et_pb_gallery gallery_ids=»5484,5480,5481,5482,5483&#8243; fullwidth=»on» _builder_version=»4.27.4&#8243; _module_preset=»default» transform_translate=»0px|15px» transform_translate_linked=»off» hover_enabled=»0&#8243; global_colors_info=»{}» theme_builder_area=»post_content» sticky_enabled=»0&#8243;][/et_pb_gallery][/et_pb_column][/et_pb_row][et_pb_row use_custom_gutter=»on» gutter_width=»2&#8243; _builder_version=»4.24.2&#8243; _module_preset=»default» positioning=»none» position_origin_a=»center_left» position_origin_f=»center_left» width=»95%» max_width=»none» custom_margin=»||||false|false» global_colors_info=»{}» theme_builder_area=»post_content»][et_pb_column type=»4_4&#8243; _builder_version=»4.24.1&#8243; _module_preset=»default» global_colors_info=»{}» theme_builder_area=»post_content»][et_pb_image src=»https://amadocattaneo.com.ar/site/wp-content/uploads/2025/06/gal1lacarolina1.jpg» alt=»La Carolina I» align=»right» _builder_version=»4.27.4&#8243; _module_preset=»default» position_origin_f=»center_center» position_origin_r=»top_right» custom_margin=»25px||||false|false» hover_enabled=»0&#8243; global_colors_info=»{}» theme_builder_area=»post_content» sticky_enabled=»0&#8243;][/et_pb_image][et_pb_image src=»https://amadocattaneo.com.ar/site/wp-content/uploads/2025/06/gal2lacarolina1.jpg» alt=»La Carolina I» _builder_version=»4.27.4&#8243; _module_preset=»default» custom_margin=»25px||||false|false» hover_enabled=»0&#8243; global_colors_info=»{}» theme_builder_area=»post_content» sticky_enabled=»0&#8243;][/et_pb_image][et_pb_image src=»https://amadocattaneo.com.ar/site/wp-content/uploads/2025/06/gal3lacarolina1.jpg» alt=»La Carolina I» _builder_version=»4.27.4&#8243; _module_preset=»default» custom_margin=»25px||||false|false» hover_enabled=»0&#8243; global_colors_info=»{}» theme_builder_area=»post_content» sticky_enabled=»0&#8243;][/et_pb_image][et_pb_image src=»https://amadocattaneo.com.ar/site/wp-content/uploads/2025/06/gal4lacarolina1.jpg» alt=»La Carolina I» _builder_version=»4.27.4&#8243; _module_preset=»default» custom_margin=»25px||||false|false» hover_enabled=»0&#8243; global_colors_info=»{}» theme_builder_area=»post_content» sticky_enabled=»0&#8243;][/et_pb_image][/et_pb_column][/et_pb_row][/et_pb_section]</p>

<p>LA CAROLINA I   INFORMACIÓN Punta del Este, Uruguay Superficie Total: 520m2 Año Proyecto: 2024   MEMORIA DESCRIPTIVA El lenguaje arquitectónico sobrio y preciso caracteriza a esta vivienda de playa, donde el hormigón visto y la madera se combinan con una estructura de líneas puras y techos planos. La composición volumétrica articula los distintos espacios [&hellip;]</p>
