{"id":4655,"date":"2024-12-16T13:33:20","date_gmt":"2024-12-16T13:33:20","guid":{"rendered":"https:\/\/amadocattaneo.com.ar\/site\/?page_id=4655"},"modified":"2025-06-13T15:15:17","modified_gmt":"2025-06-13T15:15:17","slug":"casamartinez","status":"publish","type":"page","link":"https:\/\/amadocattaneo.com.ar\/site\/casamartinez\/","title":{"rendered":"MART\u00cdNEZ"},"content":{"rendered":"<p>[et_pb_section fb_built=\u00bb1&#8243; disabled_on=\u00bbon|on|off\u00bb _builder_version=\u00bb4.24.2&#8243; _module_preset=\u00bbdefault\u00bb background_color=\u00bb#FFFFFF\u00bb background_enable_image=\u00bboff\u00bb locked=\u00bboff\u00bb global_colors_info=\u00bb{}\u00bb][et_pb_row column_structure=\u00bb1_4,3_4&#8243; use_custom_gutter=\u00bbon\u00bb gutter_width=\u00bb2&#8243; make_equal=\u00bbon\u00bb _builder_version=\u00bb4.27.4&#8243; _module_preset=\u00bbdefault\u00bb positioning=\u00bbnone\u00bb position_origin_a=\u00bbcenter_left\u00bb position_origin_f=\u00bbcenter_left\u00bb width=\u00bb95%\u00bb max_width=\u00bbnone\u00bb height=\u00bb84vh\u00bb custom_margin=\u00bb||||false|false\u00bb global_colors_info=\u00bb{}\u00bb][et_pb_column type=\u00bb1_4&#8243; _builder_version=\u00bb4.24.1&#8243; _module_preset=\u00bbdefault\u00bb global_colors_info=\u00bb{}\u00bb][et_pb_text _builder_version=\u00bb4.27.4&#8243; _module_preset=\u00bbdefault\u00bb text_font=\u00bbArboria Thin|500|||||||\u00bb text_text_color=\u00bb#000000&#8243; link_text_color=\u00bb#000000&#8243; header_font=\u00bbArboria Light||||||||\u00bb header_text_color=\u00bb#000000&#8243; header_font_size=\u00bb40px\u00bb width=\u00bb100%\u00bb max_height=\u00bb100%\u00bb custom_margin=\u00bb||||false|false\u00bb custom_padding=\u00bb||||false|false\u00bb hover_enabled=\u00bb0&#8243; custom_css_free_form=\u00bb.selector {overflow-y: auto;}||::-webkit-scrollbar {||width: 5px;||}||::-webkit-scrollbar-track {||background: #ffffff;||border-radius: 4px;||}||::-webkit-scrollbar-thumb {||background: #eeeeee;||border-radius: 4px;||}\u00bb global_colors_info=\u00bb{}\u00bb content__hover_enabled=\u00bboff|desktop\u00bb content__hover=\u00bb<\/p>\n<h1><span style=%22color: #000000;%22><\/span><\/h1>\n<h1><span style=%22color: #000000;%22><\/span><\/h1>\n<\/p>\n<p>\u00bb sticky_enabled=\u00bb0&#8243;]<\/p>\n<h1><span style=\"color: #000000;\"><\/span><\/h1>\n<h1><span style=\"color: #000000;\">MART\u00cdNEZ<\/span><\/h1>\n<p><span style=\"color: #000000;\"><\/span><\/p>\n<p><strong>\u00a0<\/strong><\/p>\n<h3><strong>INFORMACI\u00d3N<\/strong><\/h3>\n<p>San Isidro, Buenos Aires<\/p>\n<p>Superficie Total: 915m2<\/p>\n<p>A\u00f1o Proyecto: 2023<\/p>\n<p><strong>\u00a0<\/strong><\/p>\n<h3><strong>MEMORIA DESCRIPTIVA<\/strong><\/h3>\n<p>La vivienda se desarrolla en un terreno con pendiente, aprovechando al m\u00e1ximo las vistas privilegiadas hacia el r\u00edo que se extienden frente al sitio. Su volumetr\u00eda se organiza en tres niveles principales: un subsuelo, planta baja y planta alta, complementados por un rooftop accesible.<\/p>\n<p>El subsuelo cuenta con un patio ingl\u00e9s que garantiza la ventilaci\u00f3n cruzada y la entrada de luz natural, aportando confort y calidad ambiental a los ambientes m\u00e1s bajos de la casa. En la planta baja, una galer\u00eda orientada hacia el r\u00edo maximiza las visuales y el contacto con el entorno. La planta alta, as\u00ed como el rooftop, contin\u00faan esta estrategia, disponiendo terrazas y \u00e1reas abiertas que priorizan la contemplaci\u00f3n del paisaje y potencian la relaci\u00f3n directa con el r\u00edo.<\/p>\n<p>En todos los niveles, la orientaci\u00f3n y el dise\u00f1o buscan consolidar la vivienda como un refugio conectado con la naturaleza, donde la luz natural y las visuales hacia el r\u00edo son protagonistas. La combinaci\u00f3n de espacios interiores y exteriores ofrece m\u00faltiples posibilidades de uso, fomentando un estilo de vida vinculado con el entorno natural y la topograf\u00eda del terreno.<\/p>\n<p>[\/et_pb_text][\/et_pb_column][et_pb_column type=\u00bb3_4&#8243; _builder_version=\u00bb4.24.0&#8243; _module_preset=\u00bbdefault\u00bb global_colors_info=\u00bb{}\u00bb][et_pb_gallery gallery_ids=\u00bb3773,3667,3772,3774,3775,3776,3777,3778&#8243; fullwidth=\u00bbon\u00bb _builder_version=\u00bb4.27.3&#8243; _module_preset=\u00bbdefault\u00bb transform_translate=\u00bb0px|15px\u00bb transform_translate_linked=\u00bboff\u00bb global_colors_info=\u00bb{}\u00bb][\/et_pb_gallery][\/et_pb_column][\/et_pb_row][et_pb_row use_custom_gutter=\u00bbon\u00bb gutter_width=\u00bb2&#8243; _builder_version=\u00bb4.24.2&#8243; _module_preset=\u00bbdefault\u00bb positioning=\u00bbnone\u00bb position_origin_a=\u00bbcenter_left\u00bb position_origin_f=\u00bbcenter_left\u00bb width=\u00bb95%\u00bb max_width=\u00bbnone\u00bb custom_margin=\u00bb||||false|false\u00bb global_colors_info=\u00bb{}\u00bb][et_pb_column type=\u00bb4_4&#8243; _builder_version=\u00bb4.24.1&#8243; _module_preset=\u00bbdefault\u00bb global_colors_info=\u00bb{}\u00bb][et_pb_image src=\u00bbhttps:\/\/amadocattaneo.com.ar\/site\/wp-content\/uploads\/2024\/11\/gal1casamartinez.jpg\u00bb alt=\u00bbMart\u00ednez\u00bb align=\u00bbright\u00bb _builder_version=\u00bb4.27.4&#8243; _module_preset=\u00bbdefault\u00bb position_origin_f=\u00bbcenter_center\u00bb position_origin_r=\u00bbtop_right\u00bb custom_margin=\u00bb25px||||false|false\u00bb global_colors_info=\u00bb{}\u00bb][\/et_pb_image][et_pb_image src=\u00bbhttps:\/\/amadocattaneo.com.ar\/site\/wp-content\/uploads\/2024\/11\/casamartinezfront.jpg\u00bb alt=\u00bbMart\u00ednez\u00bb _builder_version=\u00bb4.27.4&#8243; _module_preset=\u00bbdefault\u00bb custom_margin=\u00bb25px||||false|false\u00bb global_colors_info=\u00bb{}\u00bb][\/et_pb_image][et_pb_image src=\u00bbhttps:\/\/amadocattaneo.com.ar\/site\/wp-content\/uploads\/2024\/11\/gal3casamartinez.jpg\u00bb alt=\u00bbMart\u00ednez\u00bb _builder_version=\u00bb4.27.4&#8243; _module_preset=\u00bbdefault\u00bb custom_margin=\u00bb25px||||false|false\u00bb global_colors_info=\u00bb{}\u00bb][\/et_pb_image][et_pb_image src=\u00bbhttps:\/\/amadocattaneo.com.ar\/site\/wp-content\/uploads\/2024\/11\/gal4casamartinez.jpg\u00bb alt=\u00bbMart\u00ednez\u00bb _builder_version=\u00bb4.27.4&#8243; _module_preset=\u00bbdefault\u00bb custom_margin=\u00bb25px||||false|false\u00bb global_colors_info=\u00bb{}\u00bb][\/et_pb_image][et_pb_image src=\u00bbhttps:\/\/amadocattaneo.com.ar\/site\/wp-content\/uploads\/2024\/11\/gal5casamartinez.jpg\u00bb alt=\u00bbMart\u00ednez\u00bb _builder_version=\u00bb4.27.4&#8243; _module_preset=\u00bbdefault\u00bb custom_margin=\u00bb25px||||false|false\u00bb global_colors_info=\u00bb{}\u00bb][\/et_pb_image][et_pb_image src=\u00bbhttps:\/\/amadocattaneo.com.ar\/site\/wp-content\/uploads\/2024\/11\/gal6casamartinez.jpg\u00bb alt=\u00bbMart\u00ednez\u00bb _builder_version=\u00bb4.27.4&#8243; _module_preset=\u00bbdefault\u00bb custom_margin=\u00bb25px||||false|false\u00bb global_colors_info=\u00bb{}\u00bb][\/et_pb_image][et_pb_image src=\u00bbhttps:\/\/amadocattaneo.com.ar\/site\/wp-content\/uploads\/2024\/11\/gal7casamartinez.jpg\u00bb alt=\u00bbMart\u00ednez\u00bb _builder_version=\u00bb4.27.4&#8243; _module_preset=\u00bbdefault\u00bb custom_margin=\u00bb25px||||false|false\u00bb global_colors_info=\u00bb{}\u00bb][\/et_pb_image][\/et_pb_column][\/et_pb_row][\/et_pb_section]<\/p>\n","protected":false},"excerpt":{"rendered":"<p>MART\u00cdNEZ \u00a0 INFORMACI\u00d3N San Isidro, Buenos Aires Superficie Total: 915m2 A\u00f1o Proyecto: 2023 \u00a0 MEMORIA DESCRIPTIVA La vivienda se desarrolla en un terreno con pendiente, aprovechando al m\u00e1ximo las vistas privilegiadas hacia el r\u00edo que se extienden frente al sitio. Su volumetr\u00eda se organiza en tres niveles principales: un subsuelo, planta baja y planta alta, [&hellip;]<\/p>\n","protected":false},"author":1,"featured_media":0,"parent":0,"menu_order":0,"comment_status":"closed","ping_status":"closed","template":"","meta":{"_et_pb_use_builder":"on","_et_pb_old_content":"","_et_gb_content_width":"","footnotes":""},"class_list":["post-4655","page","type-page","status-publish","hentry"],"_links":{"self":[{"href":"https:\/\/amadocattaneo.com.ar\/site\/wp-json\/wp\/v2\/pages\/4655","targetHints":{"allow":["GET"]}}],"collection":[{"href":"https:\/\/amadocattaneo.com.ar\/site\/wp-json\/wp\/v2\/pages"}],"about":[{"href":"https:\/\/amadocattaneo.com.ar\/site\/wp-json\/wp\/v2\/types\/page"}],"author":[{"embeddable":true,"href":"https:\/\/amadocattaneo.com.ar\/site\/wp-json\/wp\/v2\/users\/1"}],"replies":[{"embeddable":true,"href":"https:\/\/amadocattaneo.com.ar\/site\/wp-json\/wp\/v2\/comments?post=4655"}],"version-history":[{"count":7,"href":"https:\/\/amadocattaneo.com.ar\/site\/wp-json\/wp\/v2\/pages\/4655\/revisions"}],"predecessor-version":[{"id":5451,"href":"https:\/\/amadocattaneo.com.ar\/site\/wp-json\/wp\/v2\/pages\/4655\/revisions\/5451"}],"wp:attachment":[{"href":"https:\/\/amadocattaneo.com.ar\/site\/wp-json\/wp\/v2\/media?parent=4655"}],"curies":[{"name":"wp","href":"https:\/\/api.w.org\/{rel}","templated":true}]}}

MARTÍNEZ

<p>[et_pb_section fb_built=»1&#8243; disabled_on=»on|on|off» _builder_version=»4.24.2&#8243; _module_preset=»default» background_color=»#FFFFFF» background_enable_image=»off» locked=»off» global_colors_info=»{}»][et_pb_row column_structure=»1_4,3_4&#8243; use_custom_gutter=»on» gutter_width=»2&#8243; make_equal=»on» _builder_version=»4.27.4&#8243; _module_preset=»default» positioning=»none» position_origin_a=»center_left» position_origin_f=»center_left» width=»95%» max_width=»none» height=»84vh» custom_margin=»||||false|false» global_colors_info=»{}»][et_pb_column type=»1_4&#8243; _builder_version=»4.24.1&#8243; _module_preset=»default» global_colors_info=»{}»][et_pb_text _builder_version=»4.27.4&#8243; _module_preset=»default» text_font=»Arboria Thin|500|||||||» text_text_color=»#000000&#8243; link_text_color=»#000000&#8243; header_font=»Arboria Light||||||||» header_text_color=»#000000&#8243; header_font_size=»40px» width=»100%» max_height=»100%» custom_margin=»||||false|false» custom_padding=»||||false|false» hover_enabled=»0&#8243; custom_css_free_form=».selector {overflow-y: auto;}||::-webkit-scrollbar {||width: 5px;||}||::-webkit-scrollbar-track {||background: #ffffff;||border-radius: 4px;||}||::-webkit-scrollbar-thumb {||background: #eeeeee;||border-radius: 4px;||}» global_colors_info=»{}» content__hover_enabled=»off|desktop» content__hover=»</p>
<h1><span style=%22color: #000000;%22></span></h1>
<h1><span style=%22color: #000000;%22></span></h1>
</p>
<p>» sticky_enabled=»0&#8243;]</p>
<h1><span style="color: #000000;"></span></h1>
<h1><span style="color: #000000;">MARTÍNEZ</span></h1>
<p><span style="color: #000000;"></span></p>
<p><strong> </strong></p>
<h3><strong>INFORMACIÓN</strong></h3>
<p>San Isidro, Buenos Aires</p>
<p>Superficie Total: 915m2</p>
<p>Año Proyecto: 2023</p>
<p><strong> </strong></p>
<h3><strong>MEMORIA DESCRIPTIVA</strong></h3>
<p>La vivienda se desarrolla en un terreno con pendiente, aprovechando al máximo las vistas privilegiadas hacia el río que se extienden frente al sitio. Su volumetría se organiza en tres niveles principales: un subsuelo, planta baja y planta alta, complementados por un rooftop accesible.</p>
<p>El subsuelo cuenta con un patio inglés que garantiza la ventilación cruzada y la entrada de luz natural, aportando confort y calidad ambiental a los ambientes más bajos de la casa. En la planta baja, una galería orientada hacia el río maximiza las visuales y el contacto con el entorno. La planta alta, así como el rooftop, continúan esta estrategia, disponiendo terrazas y áreas abiertas que priorizan la contemplación del paisaje y potencian la relación directa con el río.</p>
<p>En todos los niveles, la orientación y el diseño buscan consolidar la vivienda como un refugio conectado con la naturaleza, donde la luz natural y las visuales hacia el río son protagonistas. La combinación de espacios interiores y exteriores ofrece múltiples posibilidades de uso, fomentando un estilo de vida vinculado con el entorno natural y la topografía del terreno.</p>
<p>[/et_pb_text][/et_pb_column][et_pb_column type=»3_4&#8243; _builder_version=»4.24.0&#8243; _module_preset=»default» global_colors_info=»{}»][et_pb_gallery gallery_ids=»3773,3667,3772,3774,3775,3776,3777,3778&#8243; fullwidth=»on» _builder_version=»4.27.3&#8243; _module_preset=»default» transform_translate=»0px|15px» transform_translate_linked=»off» global_colors_info=»{}»][/et_pb_gallery][/et_pb_column][/et_pb_row][et_pb_row use_custom_gutter=»on» gutter_width=»2&#8243; _builder_version=»4.24.2&#8243; _module_preset=»default» positioning=»none» position_origin_a=»center_left» position_origin_f=»center_left» width=»95%» max_width=»none» custom_margin=»||||false|false» global_colors_info=»{}»][et_pb_column type=»4_4&#8243; _builder_version=»4.24.1&#8243; _module_preset=»default» global_colors_info=»{}»][et_pb_image src=»https://amadocattaneo.com.ar/site/wp-content/uploads/2024/11/gal1casamartinez.jpg» alt=»Martínez» align=»right» _builder_version=»4.27.4&#8243; _module_preset=»default» position_origin_f=»center_center» position_origin_r=»top_right» custom_margin=»25px||||false|false» global_colors_info=»{}»][/et_pb_image][et_pb_image src=»https://amadocattaneo.com.ar/site/wp-content/uploads/2024/11/casamartinezfront.jpg» alt=»Martínez» _builder_version=»4.27.4&#8243; _module_preset=»default» custom_margin=»25px||||false|false» global_colors_info=»{}»][/et_pb_image][et_pb_image src=»https://amadocattaneo.com.ar/site/wp-content/uploads/2024/11/gal3casamartinez.jpg» alt=»Martínez» _builder_version=»4.27.4&#8243; _module_preset=»default» custom_margin=»25px||||false|false» global_colors_info=»{}»][/et_pb_image][et_pb_image src=»https://amadocattaneo.com.ar/site/wp-content/uploads/2024/11/gal4casamartinez.jpg» alt=»Martínez» _builder_version=»4.27.4&#8243; _module_preset=»default» custom_margin=»25px||||false|false» global_colors_info=»{}»][/et_pb_image][et_pb_image src=»https://amadocattaneo.com.ar/site/wp-content/uploads/2024/11/gal5casamartinez.jpg» alt=»Martínez» _builder_version=»4.27.4&#8243; _module_preset=»default» custom_margin=»25px||||false|false» global_colors_info=»{}»][/et_pb_image][et_pb_image src=»https://amadocattaneo.com.ar/site/wp-content/uploads/2024/11/gal6casamartinez.jpg» alt=»Martínez» _builder_version=»4.27.4&#8243; _module_preset=»default» custom_margin=»25px||||false|false» global_colors_info=»{}»][/et_pb_image][et_pb_image src=»https://amadocattaneo.com.ar/site/wp-content/uploads/2024/11/gal7casamartinez.jpg» alt=»Martínez» _builder_version=»4.27.4&#8243; _module_preset=»default» custom_margin=»25px||||false|false» global_colors_info=»{}»][/et_pb_image][/et_pb_column][/et_pb_row][/et_pb_section]</p>

<p>MARTÍNEZ   INFORMACIÓN San Isidro, Buenos Aires Superficie Total: 915m2 Año Proyecto: 2023   MEMORIA DESCRIPTIVA La vivienda se desarrolla en un terreno con pendiente, aprovechando al máximo las vistas privilegiadas hacia el río que se extienden frente al sitio. Su volumetría se organiza en tres niveles principales: un subsuelo, planta baja y planta alta, [&hellip;]</p>
