{"id":2118,"date":"2024-04-07T00:50:14","date_gmt":"2024-04-07T00:50:14","guid":{"rendered":"https:\/\/amadocattaneo.com.ar\/site\/?page_id=2118"},"modified":"2025-01-21T11:59:33","modified_gmt":"2025-01-21T11:59:33","slug":"casadellago","status":"publish","type":"page","link":"https:\/\/amadocattaneo.com.ar\/site\/casadellago\/","title":{"rendered":"CASA DEL LAGO"},"content":{"rendered":"<p>[et_pb_section fb_built=\u00bb1&#8243; disabled_on=\u00bbon|on|off\u00bb _builder_version=\u00bb4.24.2&#8243; _module_preset=\u00bbdefault\u00bb background_color=\u00bb#FFFFFF\u00bb background_enable_image=\u00bboff\u00bb locked=\u00bboff\u00bb global_colors_info=\u00bb{}\u00bb][et_pb_row column_structure=\u00bb1_4,3_4&#8243; use_custom_gutter=\u00bbon\u00bb gutter_width=\u00bb2&#8243; _builder_version=\u00bb4.27.4&#8243; _module_preset=\u00bbdefault\u00bb positioning=\u00bbnone\u00bb position_origin_a=\u00bbcenter_left\u00bb position_origin_f=\u00bbcenter_left\u00bb width=\u00bb95%\u00bb max_width=\u00bbnone\u00bb custom_margin=\u00bb||||false|false\u00bb hover_enabled=\u00bb0&#8243; global_colors_info=\u00bb{}\u00bb make_equal=\u00bbon\u00bb height=\u00bb84vh\u00bb sticky_enabled=\u00bb0&#8243;][et_pb_column type=\u00bb1_4&#8243; _builder_version=\u00bb4.24.1&#8243; _module_preset=\u00bbdefault\u00bb global_colors_info=\u00bb{}\u00bb][et_pb_text _builder_version=\u00bb4.27.4&#8243; _module_preset=\u00bbdefault\u00bb text_font=\u00bbArboria Thin|500|||||||\u00bb text_text_color=\u00bb#000000&#8243; link_text_color=\u00bb#000000&#8243; header_font=\u00bbArboria Light||||||||\u00bb header_text_color=\u00bb#000000&#8243; header_font_size=\u00bb40px\u00bb width=\u00bb100%\u00bb custom_margin=\u00bb||||false|false\u00bb custom_padding=\u00bb||||false|false\u00bb hover_enabled=\u00bb0&#8243; global_colors_info=\u00bb{}\u00bb content__hover_enabled=\u00bboff|desktop\u00bb content__hover=\u00bb<\/p>\n<h1><span style=%22color: #000000;%22><\/span><\/h1>\n<h1><span style=%22color: #000000;%22><\/span><\/h1>\n<\/p>\n<p>\u00bb max_height=\u00bb100%\u00bb custom_css_free_form=\u00bb.selector {overflow-y: auto;}||::-webkit-scrollbar {||width: 5px;||}||::-webkit-scrollbar-track {||background: #ffffff;||border-radius: 4px;||}||::-webkit-scrollbar-thumb {||background: #eeeeee;||border-radius: 4px;||}\u00bb sticky_enabled=\u00bb0&#8243;]<\/p>\n<h1><span style=\"color: #000000;\"><\/span><\/h1>\n<h1><span style=\"color: #000000;\">CASA DEL LAGO<\/span><\/h1>\n<p><span style=\"color: #000000;\"><\/span><\/p>\n<p><strong>\u00a0<\/strong><\/p>\n<h3><strong>INFORMACI\u00d3N<\/strong><\/h3>\n<p>Tigre, Buenos Aires<\/p>\n<p>Superficie Total: 650m2<\/p>\n<p>A\u00f1o Proyecto: 2020<\/p>\n<p>A\u00f1o Construcci\u00f3n: 2022<\/p>\n<p><strong>\u00a0<\/strong><\/p>\n<h3><strong>MEMORIA DESCRIPTIVA<\/strong><\/h3>\n<p>La fachada frontal de la Casa del Lago fue pensada como dos vol\u00famenes, uno de hormig\u00f3n y otro de l\u00e1minas de aluminio negro. La idea principal era mantener el frente lo m\u00e1s privado posible y ampliar las vistas al lago en la parte trasera. Los patios internos en ambos niveles ayudan a que las vistas atraviesen de un lado a otro, dando como resultado la luz, las sombras y la ventilaci\u00f3n natural.<\/p>\n<p>El volumen de hormig\u00f3n sobresale sobre el nivel inferior creando un gran espacio al aire libre que se extiende sobre la pileta y el lago.<\/p>\n<p>Las claraboyas en la entrada principal proporcionan diferentes efectos de sombra al hall durante el d\u00eda.<\/p>\n<p>[\/et_pb_text][\/et_pb_column][et_pb_column type=\u00bb3_4&#8243; _builder_version=\u00bb4.24.0&#8243; _module_preset=\u00bbdefault\u00bb global_colors_info=\u00bb{}\u00bb][et_pb_gallery gallery_ids=\u00bb2127,2128,2129,2130,2131,2132&#8243; fullwidth=\u00bbon\u00bb _builder_version=\u00bb4.24.2&#8243; _module_preset=\u00bbdefault\u00bb transform_translate=\u00bb0px|15px\u00bb transform_translate_linked=\u00bboff\u00bb global_colors_info=\u00bb{}\u00bb][\/et_pb_gallery][\/et_pb_column][\/et_pb_row][et_pb_row use_custom_gutter=\u00bbon\u00bb gutter_width=\u00bb2&#8243; _builder_version=\u00bb4.24.2&#8243; _module_preset=\u00bbdefault\u00bb positioning=\u00bbnone\u00bb position_origin_a=\u00bbcenter_left\u00bb position_origin_f=\u00bbcenter_left\u00bb width=\u00bb95%\u00bb max_width=\u00bbnone\u00bb custom_margin=\u00bb||||false|false\u00bb global_colors_info=\u00bb{}\u00bb][et_pb_column type=\u00bb4_4&#8243; _builder_version=\u00bb4.24.1&#8243; _module_preset=\u00bbdefault\u00bb global_colors_info=\u00bb{}\u00bb][et_pb_video src=\u00bbhttps:\/\/amadocattaneo.com.ar\/site\/wp-content\/uploads\/2024\/04\/EL-ENCUENTRO-92-3.mp4&#8243; module_class=\u00bblwp-video-autoplay\u00bb _builder_version=\u00bb4.25.0&#8243; _module_preset=\u00bbdefault\u00bb custom_margin=\u00bb25px||||false|false\u00bb global_colors_info=\u00bb{}\u00bb][\/et_pb_video][et_pb_image src=\u00bbhttps:\/\/amadocattaneo.com.ar\/site\/wp-content\/uploads\/2024\/04\/lagogal5final.jpg\u00bb alt=\u00bbCasa del Lago\u00bb _builder_version=\u00bb4.27.4&#8243; _module_preset=\u00bbdefault\u00bb custom_margin=\u00bb25px||||false|false\u00bb global_colors_info=\u00bb{}\u00bb][\/et_pb_image][et_pb_image src=\u00bbhttps:\/\/amadocattaneo.com.ar\/site\/wp-content\/uploads\/2024\/04\/lagogal6final.jpg\u00bb alt=\u00bbCasa del Lago\u00bb _builder_version=\u00bb4.27.4&#8243; _module_preset=\u00bbdefault\u00bb custom_margin=\u00bb25px||||false|false\u00bb global_colors_info=\u00bb{}\u00bb][\/et_pb_image][\/et_pb_column][\/et_pb_row][\/et_pb_section]<\/p>\n","protected":false},"excerpt":{"rendered":"<p>CASA DEL LAGO \u00a0 INFORMACI\u00d3N Tigre, Buenos Aires Superficie Total: 650m2 A\u00f1o Proyecto: 2020 A\u00f1o Construcci\u00f3n: 2022 \u00a0 MEMORIA DESCRIPTIVA La fachada frontal de la Casa del Lago fue pensada como dos vol\u00famenes, uno de hormig\u00f3n y otro de l\u00e1minas de aluminio negro. La idea principal era mantener el frente lo m\u00e1s privado posible y [&hellip;]<\/p>\n","protected":false},"author":1,"featured_media":0,"parent":0,"menu_order":0,"comment_status":"closed","ping_status":"closed","template":"","meta":{"_et_pb_use_builder":"on","_et_pb_old_content":"","_et_gb_content_width":"","footnotes":""},"class_list":["post-2118","page","type-page","status-publish","hentry"],"_links":{"self":[{"href":"https:\/\/amadocattaneo.com.ar\/site\/wp-json\/wp\/v2\/pages\/2118","targetHints":{"allow":["GET"]}}],"collection":[{"href":"https:\/\/amadocattaneo.com.ar\/site\/wp-json\/wp\/v2\/pages"}],"about":[{"href":"https:\/\/amadocattaneo.com.ar\/site\/wp-json\/wp\/v2\/types\/page"}],"author":[{"embeddable":true,"href":"https:\/\/amadocattaneo.com.ar\/site\/wp-json\/wp\/v2\/users\/1"}],"replies":[{"embeddable":true,"href":"https:\/\/amadocattaneo.com.ar\/site\/wp-json\/wp\/v2\/comments?post=2118"}],"version-history":[{"count":17,"href":"https:\/\/amadocattaneo.com.ar\/site\/wp-json\/wp\/v2\/pages\/2118\/revisions"}],"predecessor-version":[{"id":5304,"href":"https:\/\/amadocattaneo.com.ar\/site\/wp-json\/wp\/v2\/pages\/2118\/revisions\/5304"}],"wp:attachment":[{"href":"https:\/\/amadocattaneo.com.ar\/site\/wp-json\/wp\/v2\/media?parent=2118"}],"curies":[{"name":"wp","href":"https:\/\/api.w.org\/{rel}","templated":true}]}}

<p>[et_pb_section fb_built=»1&#8243; disabled_on=»on|on|off» _builder_version=»4.24.2&#8243; _module_preset=»default» background_color=»#FFFFFF» background_enable_image=»off» locked=»off» global_colors_info=»{}»][et_pb_row column_structure=»1_4,3_4&#8243; use_custom_gutter=»on» gutter_width=»2&#8243; _builder_version=»4.27.4&#8243; _module_preset=»default» positioning=»none» position_origin_a=»center_left» position_origin_f=»center_left» width=»95%» max_width=»none» custom_margin=»||||false|false» hover_enabled=»0&#8243; global_colors_info=»{}» make_equal=»on» height=»84vh» sticky_enabled=»0&#8243;][et_pb_column type=»1_4&#8243; _builder_version=»4.24.1&#8243; _module_preset=»default» global_colors_info=»{}»][et_pb_text _builder_version=»4.27.4&#8243; _module_preset=»default» text_font=»Arboria Thin|500|||||||» text_text_color=»#000000&#8243; link_text_color=»#000000&#8243; header_font=»Arboria Light||||||||» header_text_color=»#000000&#8243; header_font_size=»40px» width=»100%» custom_margin=»||||false|false» custom_padding=»||||false|false» hover_enabled=»0&#8243; global_colors_info=»{}» content__hover_enabled=»off|desktop» content__hover=»</p>
<h1><span style=%22color: #000000;%22></span></h1>
<h1><span style=%22color: #000000;%22></span></h1>
</p>
<p>» max_height=»100%» custom_css_free_form=».selector {overflow-y: auto;}||::-webkit-scrollbar {||width: 5px;||}||::-webkit-scrollbar-track {||background: #ffffff;||border-radius: 4px;||}||::-webkit-scrollbar-thumb {||background: #eeeeee;||border-radius: 4px;||}» sticky_enabled=»0&#8243;]</p>
<h1><span style="color: #000000;"></span></h1>
<h1><span style="color: #000000;">CASA DEL LAGO</span></h1>
<p><span style="color: #000000;"></span></p>
<p><strong> </strong></p>
<h3><strong>INFORMACIÓN</strong></h3>
<p>Tigre, Buenos Aires</p>
<p>Superficie Total: 650m2</p>
<p>Año Proyecto: 2020</p>
<p>Año Construcción: 2022</p>
<p><strong> </strong></p>
<h3><strong>MEMORIA DESCRIPTIVA</strong></h3>
<p>La fachada frontal de la Casa del Lago fue pensada como dos volúmenes, uno de hormigón y otro de láminas de aluminio negro. La idea principal era mantener el frente lo más privado posible y ampliar las vistas al lago en la parte trasera. Los patios internos en ambos niveles ayudan a que las vistas atraviesen de un lado a otro, dando como resultado la luz, las sombras y la ventilación natural.</p>
<p>El volumen de hormigón sobresale sobre el nivel inferior creando un gran espacio al aire libre que se extiende sobre la pileta y el lago.</p>
<p>Las claraboyas en la entrada principal proporcionan diferentes efectos de sombra al hall durante el día.</p>
<p>[/et_pb_text][/et_pb_column][et_pb_column type=»3_4&#8243; _builder_version=»4.24.0&#8243; _module_preset=»default» global_colors_info=»{}»][et_pb_gallery gallery_ids=»2127,2128,2129,2130,2131,2132&#8243; fullwidth=»on» _builder_version=»4.24.2&#8243; _module_preset=»default» transform_translate=»0px|15px» transform_translate_linked=»off» global_colors_info=»{}»][/et_pb_gallery][/et_pb_column][/et_pb_row][et_pb_row use_custom_gutter=»on» gutter_width=»2&#8243; _builder_version=»4.24.2&#8243; _module_preset=»default» positioning=»none» position_origin_a=»center_left» position_origin_f=»center_left» width=»95%» max_width=»none» custom_margin=»||||false|false» global_colors_info=»{}»][et_pb_column type=»4_4&#8243; _builder_version=»4.24.1&#8243; _module_preset=»default» global_colors_info=»{}»][et_pb_video src=»https://amadocattaneo.com.ar/site/wp-content/uploads/2024/04/EL-ENCUENTRO-92-3.mp4&#8243; module_class=»lwp-video-autoplay» _builder_version=»4.25.0&#8243; _module_preset=»default» custom_margin=»25px||||false|false» global_colors_info=»{}»][/et_pb_video][et_pb_image src=»https://amadocattaneo.com.ar/site/wp-content/uploads/2024/04/lagogal5final.jpg» alt=»Casa del Lago» _builder_version=»4.27.4&#8243; _module_preset=»default» custom_margin=»25px||||false|false» global_colors_info=»{}»][/et_pb_image][et_pb_image src=»https://amadocattaneo.com.ar/site/wp-content/uploads/2024/04/lagogal6final.jpg» alt=»Casa del Lago» _builder_version=»4.27.4&#8243; _module_preset=»default» custom_margin=»25px||||false|false» global_colors_info=»{}»][/et_pb_image][/et_pb_column][/et_pb_row][/et_pb_section]</p>

<p>CASA DEL LAGO   INFORMACIÓN Tigre, Buenos Aires Superficie Total: 650m2 Año Proyecto: 2020 Año Construcción: 2022   MEMORIA DESCRIPTIVA La fachada frontal de la Casa del Lago fue pensada como dos volúmenes, uno de hormigón y otro de láminas de aluminio negro. La idea principal era mantener el frente lo más privado posible y [&hellip;]</p>
